4 + 16. Suppose 5*i = -4*v + 27, -3*v + g = 3*i - 6. Suppose 2*t + v*t = 105. Is t a composite number?
True
Suppose -4*s = -4*q, -q = -2*q + 5*s - 8. Suppose -92 = 4*x - q*a, -x - 12 = -a + 13. Let y = x - -44. Is y a composite number?
False
Let m(p) = p**2 - 2*p + 2. Suppose -3*v - 8 - 7 = 0. Is m(v) prime?
True
Is (2262/(-6))/((-2)/2) a composite number?
True
Suppose 35 = -2*z - 3*z. Let l be (z - -5) + (-2)/(-2). Is (58/l)/((-4)/6) a prime number?
False
Let p(h) = -58*h + 3. Let t be p(4). Let n(j) = 80*j + 4. Let y be n(4). Let k = t + y. Is k composite?
True
Let g(v) = -v**2 + 4*v + 1. Let i be g(5). Is (-9)/(-3) + (-544)/i a prime number?
True
Let k(z) = z**2 + 5*z + 2. Let m be k(-5). Suppose 2*l = -3*j + 879, -2*j - l + 1167 = m*j. Is j a composite number?
True
Let y = 1746 - 883. Is y a composite number?
False
Let v(h) = -164*h - 11. Is v(-2) prime?
True
Is 16350/54 - 2/(-9) a prime number?
False
Let o(c) = 2*c**2 - 15*c + 8. Is o(10) prime?
False
Let x = 511 + -252. Is x composite?
True
Suppose -4*w + 11*w - 27139 = 0. Is w a prime number?
True
Let z be ((-297)/12)/(3/(-36)). Suppose 0 = l + 4*u - 109, u + z = 3*l + 3*u. Let f = -44 + l. Is f a prime number?
True
Suppose 0*a + 3*a - 315 = -2*k, -5*a + 525 = 3*k. Suppose 7*l - 4*l - a = 0. Is l composite?
True
Let a(g) = 250*g + 9. Is a(5) a prime number?
True
Let a(r) = r - 6. Let g be a(8). Is (g/(-2) + 0)*-19 a prime number?
True
Let s be -237 + (-2)/6*0. Let v = s - -382. Is v composite?
True
Suppose p - 14 = -0*u - 2*u, -4*p + u = -20. Is p prime?
False
Let v(i) = i**3 - 6*i**2 - i + 8. Let s be v(6). Suppose j = -s*j + 15. Suppose -388 = -j*q + 7. Is q composite?
False
Suppose 0*s = -2*s - 5*r + 21, 0 = -3*s + 2*r - 16. Is 616/63 - s/9 a composite number?
True
Suppose 0 = -c - m + 269, -4*c + 1068 = 3*m - m. Suppose -5*s - 343 = 3*d, 0 = -5*d + 5*s - 240 - c. Let x = -69 - d. Is x prime?
True
Suppose -10 = -2*x + 2. Suppose 5*c - x - 24 = 0. Suppose 3*q - c*q + 30 = 0. Is q a composite number?
True
Let m be (-3)/(0 - 3) - 0. Is 1/(m/((-170)/(-2))) a composite number?
True
Let h(n) = n**3 + 5*n**2 - n - 6. Let i be h(-5). Let o be (-10)/(-2) + -2 + 25. Is (-4 - i)*o/(-6) composite?
True
Suppose -879 + 64 = -5*v. Is v a prime number?
True
Let l be (-1 + 0)*(-2 + 27). Let r = 34 - l. Is r prime?
True
Suppose 0*k = 4*k - 8. Suppose 62 = 3*s - 5*v, v + k*v - 102 = -4*s. Let z = s - -7. Is z a composite number?
False
Let z(c) = -4*c**3 - 2*c**2 + c - 1. Let m = 1 - 3. Let f be z(m). Is (-4)/14 - (-1665)/f a prime number?
True
Suppose 4*b = r - 4*r + 1784, b - 445 = -r. Is b prime?
True
Let k(r) = 10*r**3 - 2*r**2 - 1. Let g = -9 - -12. Is k(g) a composite number?
False
Let a be (4 + 1)/(5 + -4). Suppose -3*c - 12 = 0, 7*x = 3*x - a*c + 64. Is x composite?
True
Let f(l) = l. Let v be f(-6). Let u(i) = 7*i - i**2 + 7 - 3*i**2 - i**3 + 0*i**2. Is u(v) a composite number?
False
Suppose 1295 = 5*y + 2*t, 4*t - 1033 = -4*y + 3*t. Is y a composite number?
False
Let x(f) = -f**2 - 113. Let d be x(0). Let w = d - -182. Is w a composite number?
True
Let o(s) = 177*s + 6. Is o(3) a prime number?
False
Suppose -4*n = -2*h + 2, 10*h - 4*n = 5*h + 17. Suppose 0 = -3*s - g + 486, -h*g - 398 = -4*s + 269. Is s a prime number?
True
Let p(x) be the third derivative of 0 - 1/6*x**3 - 1/12*x**4 + 0*x + 5/24*x**6 + x**2 + 1/30*x**5. Is p(2) prime?
False
Suppose -d = -5*b - 27 - 12, 4*d + 3*b - 41 = 0. Suppose 0 = 4*g - d - 6. Suppose q + g*u - 10 = -0*q, 4*q - 2*u - 150 = 0. Is q a prime number?
False
Let c(i) = i**2 - 5*i + 7. Suppose -2*x = d - 15, -18 = -5*d + 4*d - 5*x. Is c(d) composite?
True
Let b(a) = a**2 + a + 5. Let r be b(0). Suppose r*h - 4*c - 695 = -0*h, 0 = -c + 5. Suppose -2*f + f + h = 0. Is f composite?
True
Suppose -3*o + 636 = o. Is o a prime number?
False
Let t(o) = 3*o**3 - 5*o**2 - 5*o + 1. Let f(q) = -q**3 - q**2 + 2*q**2 + 2*q**3. Let a(x) = 4*f(x) - t(x). Is a(-8) composite?
False
Let c(j) = 14*j**2 - 2*j - 5. Suppose -2*b - 2*f + 18 = 0, -b - 3*b = f - 21. Is c(b) a composite number?
False
Let m = 508 - 223. Suppose -3*r = -4*f + f + 285, 0 = 3*f + r - m. Is f a composite number?
True
Suppose -3*s = -y - 291, -5*s + 0*y - 3*y + 485 = 0. Is s composite?
False
Let x = 7 - 4. Suppose 0 = 3*k + x - 174. Is k a composite number?
True
Suppose -o - 3 = 3. Is ((-2)/(-6))/(o/(-666)) a composite number?
False
Let y be (1/3)/(6/7362). Suppose -5*o + b + 2033 = 0, o + b + 0*b - y = 0. Is o a composite number?
True
Suppose -4*q + 780 = 196. Suppose z = -z + q. Let a = 104 - z. Is a a prime number?
True
Suppose -1 = 4*x - 3*x. Is 13/(x/(-15)*3) composite?
True
Let f = -11 - -1378. Suppose -7*t = -f - 180. Is t a composite number?
True
Let c(g) be the first derivative of g**3/3 - g**2/2 + 109*g + 5. Is c(0) prime?
True
Suppose 0 - 5 = 5*p. Suppose 309 - 39 = g. Is p/(-5) - g/(-25) composite?
False
Suppose 3 = 4*i + 4*s - 1, -3*i = -2*s - 18. Is (0 - -166)*2/i a prime number?
True
Is 4/(-6 + 2)*-2939 a prime number?
True
Suppose 3*v - 4*v + 5 = 0. Suppose v*x - 91 = 4*x. Is x prime?
False
Let r = 626 + 9. Is r a composite number?
True
Suppose -3*m + 4851 = 4*y, 5*m = -3*y + 1606 + 6490. Is m composite?
False
Is (2 - (0 - -3)) + 240 a composite number?
False
Suppose 12337 = 6*f - 737. Is f composite?
False
Let a(j) = j**2 + j + 15. Let r(f) = f**3 - f**2. Let z be r(0). Let m be a(z). Let i = m - 9. Is i a prime number?
False
Suppose -10*v + 6305 = -5*v. Is v composite?
True
Let j be 2*-25*(-28)/(-8). Let b = j - -808. Is b prime?
False
Suppose 4*y - 3*y + 692 = 0. Is y/(-10) - (-1)/(-5) prime?
False
Let c be ((-16)/(-3))/((-2)/15). Let t be 0 + 2 - c/1. Suppose -4*a + a + t = 0. Is a a prime number?
False
Is ((-4)/12)/(-2*2/6948) prime?
False
Suppose u - 254 = -u. Is u prime?
True
Let h = 1828 - 751. Is h a prime number?
False
Let c = 2 - 2. Suppose 3*v = -r + 79, c = 2*v + 2*r - 5*r - 49. Is v a prime number?
False
Let m(n) = 8*n - 1. Let u(i) = -3*i**2 - i - 6. Let l(p) = -2*p**2 - 3. Let h(j) = -5*l(j) + 3*u(j). Let b be h(-2). Is m(b) a composite number?
True
Let g(p) = -p**3 + 6*p**2 + 8*p - 2. Let u be g(7). Suppose 32 = -u*q + 597. Is q a composite number?
False
Let z(l) = -l**2 - 8*l - 9. Let v be z(-6). Suppose -124 - 47 = -v*c. Is c prime?
False
Suppose 0 = 3*m - 8*m + 1130. Suppose -w + 3*o = 3*w - 201, -4*w - 2*o + m = 0. Suppose 0 = -5*g - f + w + 48, 3*f - 33 = -2*g. Is g a composite number?
True
Suppose 3*k - 4385 = -2*k. Is k composite?
False
Let d(h) be the third derivative of h**6/120 - h**4/24 + 23*h**3/6 - 3*h**2. Is d(0) a prime number?
True
Suppose 2*m + 0 = 6. Suppose m*a + 2 = 14. Suppose 5*u - k - 67 = 65, 2*u - 60 = a*k. Is u prime?
False
Let i(w) be the second derivative of -w**5/10 - w**4/2 + 7*w**3/6 + 3*w**2/2 + w. Is i(-6) prime?
False
Suppose -5*g + 27 = h, -5*g + 2*g + 6 = 0. Suppose 0 = 2*d - 6, 0 = -b - 0*d - d + h. Is b prime?
False
Let a(k) = -2*k**2 - 3*k. Let h be a(-2). Is (483/(-6))/(h/4) a composite number?
True
Let z be 0*(-2)/4*2. Suppose 0 = p - z*p - 2. Let j(x) = 2*x**3 - x**2 + x + 1. Is j(p) a composite number?
True
Let v(u) = 11*u**2 + u + 9. Is v(-7) a composite number?
False
Suppose 5*t + 744 = 2*p, -297 = 2*t - 0*p - p. Let b = 239 + t. Is b composite?
False
Is ((-13)/3 - -4)*-1623 a prime number?
True
Suppose 0 = 5*m - 5*y - 15, 0 = -3*m + 5*y + 3 + 16. Let b be m/2*-2 + 2. Suppose 0 = b*f - 2*p - 16, 0 = 5*f - 3*p + p - 18. Is f composite?
False
Suppose 5*i = 3*i + 126. Is 1593/i + 4/(-14) a composite number?
True
Suppose -2*g + 3*u - 58 = 0, -2*u = -3*g - 90 - 2. Let q = 10 + g. Is 4012/44 - (-4)/q a prime number?
False
Let l be -6 + 5 + 5*1. Is 47 + -1*(2 - l) prime?
False
Is 1/(-6) - 943/(-6) a prime number?
True
Let h(v) = -58*v - 243*v + 8*v. Is h(-1) composite?
False
Let g = 1 - -1. Suppose f = -5*c + 1575, 0*f - g*f = c - 324. Is c a composite number?
True
Let u = -43 - -96. Is u composite?
False
Suppose 5*u + 4*o - 60 = -o, u - 2*o - 9 = 0. Suppose 4*m - 7*t - u = -2*t, m + 3*t - 24 = 0. Suppose 0 = j - m - 26. Is j a composite number?
True
Is (-97)/(-2 + (-3)/(-2)) prime?
False
Let r = -111 - -113. Let g(d) = d**2 - d - 14. Let p be g(0). Is (1477/p)/((-1)/r) a composite number?
False
Let q(m) = m + 1. Let b be q(6). Suppose -